 16. Calculate a(h).
-3
Let h(m) = -9*m**2 - m - 1. Suppose 377*t - 2815 = 382*t. Let y = 562 + t. Give h(y).
-9
Let y(j) = 5*j**3 - 10*j**2 - j. Let a(x) = 2*x**3 - 4*x**2 - x. Let g(i) = 3*a(i) - y(i). What is g(-1)?
-1
Suppose -67 = -13*s - 2. Let c be 15 - ((-15)/s - -5). Let t(a) = -c - a**2 + 3 + 7. Calculate t(-3).
-12
Let t(l) be the first derivative of l**2 - 4*l - 2579. Give t(-16).
-36
Let p(n) = -24 - 68*n - 2 - 5 + 31 - 5. Calculate p(-2).
131
Let t(p) = -114852*p**3 + 0 + 1 - 3*p + 114853*p**3 + 2. Suppose -8 - 4 = -3*s. Suppose 4*c = d + c + 13, d + s*c - 22 = 0. What is t(d)?
5
Let w(t) = -t**2 - 6*t + 9. Let k be ((12/15)/(-2))/((-6)/60). Let p be (-60)/(-80) + (-31)/k. What is w(p)?
2
Suppose 0 = 16*i + 10769 - 3489. Let y = -463 - i. Let n(d) = -d**2 - 9*d - 11. Determine n(y).
-3
Let i(a) be the second derivative of 7*a**3/6 + 29*a**2/2 + 2059*a. Calculate i(-4).
1
Let x be ((-15)/10)/((-140)/(-48) - 3). Let o(l) = -l**2 + 18*l + 4. Let i be o(x). Let n(d) = -2*d + d - i - d. What is n(-5)?
6
Let x be ((-2 - -2) + -1)*329/(-47). Let y(v) = -v**2 - 2*v + 8. Calculate y(x).
-55
Let r(c) = -9*c**2 - 4141 + 0*c - c + 4140. Let d = 698 - 699. What is r(d)?
-9
Let z(m) = 2*m**3 - 4*m**2 + 19*m - 55. Let v be z(3). Let o(j) = -6*j + 24. Determine o(v).
-96
Let u(f) = 0*f + 2*f + f - 4. Suppose 5*y = 29*x - 176 - 110, 5*y - 2*x + 43 = 0. Give u(y).
-19
Let s(b) = -19*b**2 + 7*b**2 + b**2 + 4*b - 12 + 15*b**2 - 3*b**2. Determine s(8).
84
Suppose -15*j + 153 = 63. Suppose -10*i + 11*i - j = 0. Let d(b) = -b**2 + 3*b + 6. Calculate d(i).
-12
Suppose -52 = 3*h - 16. Let i(y) be the second derivative of -y**5/20 - 13*y**4/12 - 11*y**3/6 - 5*y**2/2 + 5481*y. Give i(h).
-17
Let q(s) = s**3 - 4*s**2 - 5*s + 6. Let a(o) = o**3 + 12*o**2 + 20*o + 5. Let g be a(-10). Determine q(g).
6
Let b(j) = 49*j - 139*j - 2 + 43*j + 46*j. Give b(-1).
-1
Let r(t) = 18*t - 22. Let m(f) = -21*f + 24. Let o(j) = -3*m(j) - 4*r(j). Give o(2).
-2
Suppose 33*o = -18*o - 265 - 41. Let z(v) = v**3 + 7*v**2 + 11*v + 17. Give z(o).
-13
Let z be 1*((-12)/(-15))/((-2)/(-35)*7). Let c(l) be the first derivative of 3/2*l**z + 17 - l. What is c(-5)?
-16
Let z(t) = 13*t + 64. Let p be z(0). Suppose 0*i + p = -16*i. Let o(c) = -c**3 - 2*c**2 + 4*c + 1. Determine o(i).
17
Suppose -b + 8 = -2*n, -3*n + 7*n = b - 10. Let o be (-8 - 444/(-54))/(2/18). Let s(j) = b + j**o + 47*j - 28*j - 21*j - 8*j**3 - 5. Determine s(1).
-8
Let i = -42 + 47. Let h be (-4 - -4)/(-2 + 4) + i. Suppose 4*s + 17 = h*d, 2*s + d + 3*d = -2. Let r(u) = u + 4. Determine r(s).
1
Suppose 4*b - 28 = -4*n, -3*b - 12 = -4*n + 2. Let m(c) = b*c + c + c - 2 - c**2 - 6*c. Calculate m(-2).
-2
Let p(d) = 12*d - 89. Suppose 4*i + 2*i - 72 = -3*i. Determine p(i).
7
Let f(s) = 32*s**2 + s + 1. Let y(d) = 127*d**2 + 49. Let n(u) = -4*f(u) + y(u). Determine n(-7).
24
Suppose -5*z + 11 + 14 = 0. Suppose 0 = -z*t - 7 - 3. Let a(k) = -4*k - 10. Let j(n) = -n - 2. Let l(b) = t*a(b) + 11*j(b). Determine l(-2).
4
Let b be (148/6)/(16/24). Let v(k) = 5*k - 2*k - 7 - 7 + b - 16. What is v(-5)?
-8
Let h = 4103 - 4107. Let l(c) = -c - 6. Give l(h).
-2
Let t(f) be the second derivative of -3*f**5/10 + f**3/3 + f**2/2 - 2*f. Let p = -282 - -289. Let a be p/((-98)/18) + 2/7. Give t(a).
5
Let q(x) = 3*x**3 - 9*x**2 + 12*x - 18. Let b(c) = -c**3 - c + 2. Let z(p) = -4*b(p) - q(p). Calculate z(-10).
-10
Let n = -136 - -152. Let a(z) = -z**2 + 13*z + 50. Let p be a(n). Let r(v) = v**2 + 2*v - 3. Determine r(p).
5
Let d(t) = -6*t**2 + 9*t + 1. Let c(g) = 2808*g**2 - 5*g - 2*g - 3*g - 2801*g**2. Let q(k) = 5*c(k) + 6*d(k). Calculate q(5).
1
Let j(l) = l + 4. Let g(z) = -3*z**2 + 1. Let p be g(1). Let i be j(p). Let k(v) = -8*v**i + 5*v - 15*v**2 + 32*v**2 - 10*v**2. Determine k(5).
0
Let g(w) be the first derivative of w**3/3 - 3*w**2 + 1. Let o(k) = -256*k**2 + 1. Let y be o(1). Let v = 261 + y. Give g(v).
0
Let d(t) = t**2 - 1 - 75*t - 6 + 72*t. Let b = 606 - 601. Determine d(b).
3
Let w(r) = -666 - 409*r - r**2 + 152 + 300*r. Give w(-5).
6
Suppose 4*o - 3*g - 27 = 0, -35*o + 2*g - 10 = -37*o. Let f(y) be the second derivative of -y**5/20 + y**4/2 - 2*y**3/3 - y**2 + 8*y - 1. Calculate f(o).
-26
Let m(b) = -b**3 + 10*b**2 + 2*b - 10. Let v be ((-12)/(-14))/(207/2415). Calculate m(v).
10
Let t(n) = -686*n + 2745. Let h be t(4). Let l(w) = -140*w**2 - 10*w**3 - 8*w**3 + 139*w**2. Calculate l(h).
-19
Suppose -3*j + 40 = -2*l - 6, j + l - 17 = 0. Let t(p) = -j*p + 11*p + 7*p + 3. Suppose 0 = c + 3*c + 24. Determine t(c).
-9
Let m(i) = i**3 - 7*i**2 + i + 10. Suppose 93 = 11*d + 60. Suppose 315 = -d*h + 48*h. What is m(h)?
17
Let u(r) be the first derivative of -r**4/4 - 3*r**3 - 7*r - 14033. What is u(-9)?
-7
Let b = -222478 - -222474. Let d(h) = -h - 2 - 2 - 4. Determine d(b).
-4
Let g(i) be the third derivative of -1/120*i**6 + 2*i**2 - 1/30*i**5 - 1/6*i**3 + 1/24*i**4 + 0 - 26*i. Determine g(-2).
-3
Let d(n) = -11*n**2 - 12*n. Let p(z) = 2*z**2 - 2*z - 2. Let x(u) = d(u) + 5*p(u). Calculate x(-20).
30
Let k(c) = c**3 - 8*c**2 + 9*c - 60. Suppose -3*x = 3*q - 45, 0 = -4*x - 3*q + 38 + 15. What is k(x)?
12
Let l(i) = -4*i - 45. Let n be l(-10). Let k be n/2*(2 - 40/(-25)). Let z(s) = s**3 + 8*s**2 - 7*s + 9. What is z(k)?
-9
Let i(o) = 4*o**2 - 17*o + 12. Let m be i(4). Let t(l) = 7*l - 66. Determine t(m).
-10
Let t(m) = m**2 - 3. Let n = 3 - -2. Let w be -8 + (15/3 - n). Let x be (-9)/(-3) + w/((-16)/(-6)). Determine t(x).
-3
Let i(q) be the second derivative of -q**4/4 - q**3/3 + q**2 - 23*q. Let h = 3297 - 3300. What is i(h)?
-19
Suppose -8*g + 6 = -2. Let m be (-624)/(-18) + g/3. Suppose 3*v + m = 14. Let b(f) = f**3 + 6*f**2 - 7*f. Determine b(v).
0
Suppose t + 6 = 0, -3*b - 49 = t + 65. Let y(l) = l**3 + 37*l**2 + 37*l + 43. What is y(b)?
7
Let u(d) = -d**3 + 9*d**2 + 12*d - 12. Let b = 621 + -606. Suppose 0 = 3*w - b, 0 = 129*o - 125*o + w - 45. Determine u(o).
8
Let w = -10 + 5. Let p(n) = 7*n**3 + 4*n**2 - 15*n + 6. Let k(o) = 6*o**3 + 4*o**2 - 13*o + 5. Let r(d) = w*p(d) + 6*k(d). Determine r(-5).
-10
Let x(w) = 12*w - 153. Let a(j) = -54. Let g(k) = -3*a(k) + x(k). Give g(-4).
-39
Let w(r) = 3*r**3 + 16*r - 2*r**3 + 1 - 8 + 10*r**2 - 6*r**3 + 6*r**3. What is w(-8)?
-7
Suppose 151*x + 245*x = -1980. Let v(h) = 2*h**2 + 3*h + 10. Calculate v(x).
45
Let i(m) = 180 - 3*m - m**2 - 159 - 32. Determine i(-3).
-11
Suppose -4*j - 5*i + 78 - 12 = 0, -9 = -3*j + 3*i. Let r(k) be the third derivative of k**5/60 - 5*k**4/12 + 5*k**3/3 - 4*k**2. Calculate r(j).
1
Let k(u) = 2*u**3 + 38*u**2 - 35*u + 146. Let t(i) = -i**3 - 20*i**2 + 17*i - 79. Let j(f) = 6*k(f) + 11*t(f). Calculate j(-10).
37
Let q(n) = -45*n - 261. Let k(i) = -3*i**3 + 19*i**2 + 19*i - 41. Let t be k(7). What is q(t)?
9
Let x(z) = 6*z + 23. Let i be (-48)/72 + (-2)/((-18)/(-57)). Determine x(i).
-19
Let d(r) = r**3 - 11*r**2 + 14*r - 13. Suppose -208*x = -198*x - 90. Give d(x).
-49
Suppose -174*y + 347 - 25 + 200 = 0. Let g(i) = i**3 - 4*i**2 - 2*i + 6. Calculate g(y).
-9
Let s(j) = 3*j + 13. Let b be s(0). Suppose 0 = 13*a + 13 - b. Suppose -g - g = -a*g. Let d(w) = w**3 + w**2 - 2. Give d(g).
-2
Let i be ((-28)/8)/(28/(-16)). Suppose i*g = 5*a + 5*g + 20, -4*a = 5*g + 29. Let l(j) = -20*j + 1. Determine l(a).
21
Suppose 6*i + 16 = z + 5*i, i = -3*z + 44. Let v(a) = a**2 - 11*a - 17. Give v(z).
43
Let f(h) = 59*h + 585. Let y be f(-10). Let r(w) = -w**3 - 4*w**2 - 3*w + 2. What is r(y)?
42
Let f be 3*(1*5 + -23 + 19). Let k(l) be the first derivative of l**2 + 2*l - 1/3*l**3 + 4. Determine k(f).
-1
Let a(c) be the second derivative of -c**5/20 - 7*c**4/6 + 13*c**3/6 - c**2/2 + 2*c + 838. Calculate a(-15).
29
Let d = 58 - 62. Let v(x) be the first derivative of -x**3/6 - x**2 - 9*x + 7. Let b(w) be the first derivative of v(w). Give b(d).
2
Let f(r) be the third derivative of -r**5/60 + 3*r**4/8 - 9*r**3/2 + 1208*r**2. Give f(5).
-7
Let v(q) be the second derivative of q**4/12 - q**3 - 21*q**2 + 1747*q + 3. What is v(11)?
13
Let h(t) be the second derivative of -t**3/3 - 22*t**2 + 7360*t. Give h(-34).
24
Let g(q) be the third derivative of -q**6/120 - q**5/30 + 1007*q**2. Let w(d) = d + 5. Let v be w(-5). What is g(v)?
0
Let y(s) = s**3 - 7*s**2 + s - 5. Let b be y(7